1639 and 596?
149
What is the greatest common factor of 8 and 648?
8
What is the greatest common factor of 923 and 4189?
71
What is the highest common factor of 22 and 429?
11
Calculate the highest common divisor of 175 and 400.
25
Calculate the highest common divisor of 712 and 12.
4
What is the greatest common divisor of 312 and 3081?
39
Calculate the greatest common divisor of 33 and 8943.
33
What is the highest common factor of 122 and 16?
2
Calculate the highest common factor of 37395 and 135.
135
What is the highest common divisor of 14852 and 94?
94
What is the greatest common divisor of 1080 and 1296?
216
Calculate the highest common factor of 5042 and 4.
2
What is the highest common factor of 129 and 123?
3
Calculate the highest common divisor of 33 and 275.
11
What is the greatest common divisor of 7 and 427?
7
What is the greatest common factor of 7632 and 126?
18
What is the greatest common factor of 40 and 472?
8
Calculate the greatest common divisor of 152 and 16.
8
What is the greatest common divisor of 1078 and 341?
11
Calculate the greatest common divisor of 15 and 465.
15
Calculate the greatest common divisor of 195 and 39.
39
What is the highest common divisor of 44 and 40?
4
What is the greatest common divisor of 9520 and 238?
238
Calculate the greatest common divisor of 13335 and 105.
105
What is the highest common divisor of 16 and 97312?
16
Calculate the greatest common factor of 2299 and 38.
19
Calculate the greatest common divisor of 86 and 1161.
43
What is the highest common divisor of 170 and 7990?
170
Calculate the highest common factor of 8 and 2216.
8
What is the highest common factor of 6 and 150?
6
Calculate the greatest common divisor of 93 and 124.
31
What is the greatest common factor of 168 and 3948?
84
What is the greatest common factor of 14758 and 94?
94
What is the highest common factor of 187 and 1139?
17
Calculate the highest common divisor of 80 and 4880.
80
What is the highest common divisor of 29 and 899?
29
Calculate the highest common divisor of 70 and 30.
10
Calculate the greatest common divisor of 22 and 3014.
22
What is the highest common divisor of 483 and 2139?
69
Calculate the highest common divisor of 905 and 7964.
181
Calculate the greatest common factor of 4221 and 63.
63
Calculate the greatest common divisor of 2576 and 5957.
161
What is the highest common divisor of 1122 and 66?
66
Calculate the greatest common divisor of 228 and 36.
12
What is the highest common divisor of 3531 and 33?
33
What is the highest common divisor of 84 and 204?
12
What is the greatest common factor of 910 and 26?
26
Calculate the highest common factor of 192 and 138.
6
Calculate the highest common factor of 817 and 172.
43
What is the highest common factor of 416 and 56?
8
What is the greatest common divisor of 912 and 2232?
24
Calculate the highest common factor of 171 and 228.
57
What is the greatest common divisor of 2868 and 12?
12
Calculate the highest common factor of 532 and 220.
4
Calculate the highest common divisor of 98 and 35.
7
What is the greatest common divisor of 216 and 8?
8
What is the greatest common divisor of 20 and 232?
4
What is the greatest common divisor of 176 and 208?
16
What is the highest common divisor of 13 and 1027?
13
What is the highest common divisor of 70 and 1190?
70
What is the highest common divisor of 1261 and 156?
13
What is the highest common divisor of 21 and 245?
7
What is the greatest common factor of 10 and 22585?
5
Calculate the greatest common divisor of 13 and 3.
1
Calculate the highest common divisor of 78 and 39.
39
What is the greatest common factor of 272 and 17?
17
Calculate the greatest common divisor of 270 and 585.
45
What is the greatest common factor of 41 and 15293?
41
Calculate the greatest common factor of 25 and 15.
5
Calculate the highest common factor of 18649 and 17.
17
What is the highest common divisor of 119 and 68?
17
Calculate the greatest common factor of 5472 and 224.
32
Calculate the greatest common factor of 1521 and 144.
9
Calculate the highest common factor of 1 and 167.
1
What is the highest common factor of 147 and 54?
3
Calculate the highest common factor of 36 and 2532.
12
Calculate the highest common factor of 176 and 264.
88
What is the greatest common divisor of 18 and 1143?
9
What is the greatest common divisor of 459 and 6273?
153
What is the greatest common factor of 16 and 112?
16
What is the greatest common factor of 30 and 1970?
10
What is the highest common divisor of 22 and 3278?
22
Calculate the greatest common divisor of 52 and 7930.
26
Calculate the greatest common divisor of 340 and 600.
20
Calculate the highest common factor of 92 and 9706.
46
What is the greatest common divisor of 176 and 110?
22
What is the greatest common divisor of 44 and 198?
22
Calculate the highest common divisor of 232 and 5626.
58
What is the highest common factor of 301 and 7?
7
Calculate the highest common factor of 2343 and 561.
33
What is the greatest common factor of 36507 and 129?
129
What is the highest common divisor of 25 and 315?
5
Calculate the highest common divisor of 8183 and 196.
49
Calculate the highest common divisor of 245 and 1813.
49
What is the highest common divisor of 3 and 63?
3
Calculate the greatest common factor of 68 and 1.
1
What is the highest common factor of 290 and 174?
58
What is the greatest common divisor of 468 and 117?
117
Calculate the highest common factor of 2365 and 5160.
215
Calculate the greatest common divisor of 806 and 496.
62
What is the highest common factor of 3276 and 567?
63
Calculate the greatest common divisor of 72 and 738.
18
What is the highest common divisor of 1358 and 14?
14
What is the highest common divisor of 114 and 8322?
114
Calculate the greatest common divisor of 30 and 6.
6
What is the greatest common divisor of 3 and 16?
1
Calculate the greatest common divisor of 7981 and 69.
23
Calculate the highest common factor of 276 and 48.
12
Calculate the greatest common factor of 7038 and 3060.
306
What is the highest common divisor of 30 and 246?
6
Calculate the greatest common divisor of 22 and 1298.
22
What is the greatest common factor of 2493 and 18?
9
Calculate the highest common divisor of 1654 and 26.
2
Calculate the greatest common divisor of 36 and 356.
4
What is the greatest common divisor of 2 and 2846?
2
Calculate the highest common factor of 34 and 85.
17
Calculate the greatest common factor of 1350 and 1458.
54
Calculate the greatest common factor of 1192 and 6.
2
What is the greatest common divisor of 45 and 13761?
9
What is the highest common divisor of 9 and 3609?
9
Calculate the highest common factor of 1978 and 172.
86
Calculate the greatest common factor of 427 and 61.
61
What is the highest common divisor of 129 and 50310?
129
What is the greatest common divisor of 50 and 380?
10
What is the greatest common divisor of 1343 and 459?
17
Calculate the highest common divisor of 188 and 1081.
47
What is the greatest common factor of 261 and 957?
87
What is the highest common factor of 187 and 119?
17
What is the greatest common factor of 6 and 29?
1
What is the highest common factor of 1302 and 42?
42
What is the highest common factor of 38 and 19?
19
What is the greatest common divisor of 3400 and 10000?
200
What is the greatest common factor of 2985 and 15?
15
Calculate the highest common divisor of 735 and 15.
15
Calculate the highest common factor of 75 and 555.
15
What is the highest common divisor of 11 and 143?
11
What is the highest common factor of 444 and 12?
12
Calculate the highest common divisor of 3020 and 60.
20
Calculate the highest common factor of 90 and 310.
10
What is the highest common factor of 13359 and 1533?
219
Calculate the highest common divisor of 14912 and 96.
32
What is the highest common factor of 90 and 120?
30
Calculate the highest common factor of 735 and 15.
15
Calculate the greatest common factor of 112 and 2632.
56
Calculate the greatest common factor of 812 and 464.
116
Calculate the greatest common divisor of 122 and 8662.
122
What is the greatest common divisor of 154 and 196?
14
Calculate the greatest common factor of 46 and 20861.
23
What is the greatest common factor of 215 and 19436?
43
What is the highest common f